*g**2 - 2*g + 6. Let c be l(3). Let y be c/3 - (1 - 1). Suppose -y = -3*o, -2*k + 28 = k - 4*o. Is k a multiple of 4?
True
Let k = -48 + 20. Let q = 63 + k. Is 5 a factor of q?
True
Suppose -2*m - 54 - 65 = -3*c, -4*c + 157 = -3*m. Let j be 34/17 - 42/(-2). Let n = c - j. Is n a multiple of 10?
True
Suppose -t = -754 - 188. Is 34 a factor of t?
False
Let r(y) = -y**3 - 6*y**2 - 2*y. Let w be r(-3). Let h(v) = -3*v - 3. Is 10 a factor of h(w)?
True
Suppose -4*y + 2*y = -6. Suppose 7 = 5*n - y. Suppose -99 = -3*q - 3*o + 2*o, -5*q + n*o = -154. Is q a multiple of 16?
True
Suppose -3*q + m = -371 - 1083, 0 = 2*q + 3*m - 973. Is 35 a factor of q?
False
Is 96/(1 - 5/(-10)) a multiple of 4?
True
Suppose -w = -3*f, -2*w + 52 = 3*w - 2*f. Is 7 a factor of (w/6 - -134) + -3?
True
Suppose -13*r + 10*r = -27. Suppose 8*a = 311 + r. Does 13 divide a?
False
Let x(j) = -5*j**3 - 3*j**2 + 5*j - 8. Let y be x(2). Is ((-20)/25)/(2/5) - y a multiple of 16?
True
Suppose -14*m = -6257 + 867. Does 11 divide m?
True
Suppose 16 = 5*y - 9. Let x(k) = -k + 24. Let w be x(20). Suppose -w*l - y*u + 107 = -200, -5 = u. Does 21 divide l?
False
Let y be (-2)/3 + 940/6. Suppose 2*a + 16 = y. Is 28 a factor of 5/(50/8)*a?
True
Suppose -t + 3*t + 5*s = 64, 2*s = 0. Suppose 0 = 6*c - 392 + t. Suppose -3*p + c = -33. Is p a multiple of 8?
False
Let t = -17 - -21. Suppose -4*l + 3*l = 4*d - 19, -4*d = t*l - 28. Suppose 63 - 177 = -l*o. Is o a multiple of 28?
False
Suppose 5*x - 22 = -2*n, 0 = -n - 2*x + 13 - 3. Suppose f = 6 + n. Does 9 divide f?
False
Let a = -100 - -102. Is 20 a factor of (1 + a + -4)*1*-103?
False
Does 10 divide (1*100)/(15/(-6) - -3)?
True
Let z(p) be the second derivative of 3*p**5/20 - p**4/12 + p**3/3 - 7*p. Does 14 divide z(3)?
False
Let o(f) be the second derivative of -f**5/20 + 5*f**4/6 - 5*f**3/3 + 7*f**2/2 + 5*f. Let b be o(9). Does 12 divide 8/((-4)/48*b)?
True
Suppose -105*u + 107*u - 550 = 0. Does 6 divide u?
False
Let q be 4/(-6) - 60/(-36). Let m be 3 + -2 + q + 2. Let a(f) = -f**2 + 5*f + 1. Is 2 a factor of a(m)?
False
Let i(p) = 86*p. Let u = 10 - 9. Let y be i(u). Suppose -2*v + y - 18 = 0. Is 11 a factor of v?
False
Let v(l) = 172*l - 11. Let u be v(2). Let a = 588 - u. Is a a multiple of 29?
False
Let w(y) = 9*y**3 - 5*y**2 + 19*y - 3. Does 21 divide w(3)?
True
Suppose -4*n = 4*y - 128, y - 6 = -y. Let u = -7 + n. Is u a multiple of 6?
False
Suppose 23*a - 29*a = -168. Does 14 divide a?
True
Let a = 6 + -3. Suppose a*d = -d. Suppose d = 3*u - 4*v - 78, -2*u + v + 35 = 4*v. Is u a multiple of 22?
True
Let t be 12/(-15) - (-88)/10. Does 16 divide 4/t + 687/6?
False
Let b(z) = 3*z**2 + 11*z - 150. Does 55 divide b(-33)?
False
Let y(q) = q - 1. Let n(w) = 3*w + 2. Let u(c) = n(c) - 4*y(c). Let a be u(6). Does 21 divide (a + (-3)/3)*-34?
False
Let m(t) = 2*t**3 + 4*t**2 + 10*t - 4. Let w(p) = p**3 + 4*p**2 + 9*p - 5. Let k(c) = -2*m(c) + 3*w(c). Let a be k(5). Does 5 divide a/(-6) + (-13)/(-2)?
False
Let h = 20 + -19. Suppose -a + 8 = -3*s, h = -3*a + 4*s + 15. Suppose -a = -f + 24. Is f a multiple of 9?
False
Suppose -j + 2 = 5*b, -5*j + 5*b = -j + 92. Let v = j - -25. Is 7 a factor of v?
True
Let t(b) = b**3 - 25*b**2 - 75*b - 34. Is 8 a factor of t(28)?
False
Let d(q) = -32*q - 5. Does 18 divide d(-8)?
False
Suppose -133 = 4*o - v, 5*o + 101 = 2*o + 2*v. Let b = o - -53. Suppose 2*y = -4*a + b, -4*a - 60 = -2*y - 0*y. Is 15 a factor of y?
False
Suppose 0 = -f - 3*u + 403, -802 = -11*f + 9*f - 4*u. Is f a multiple of 8?
False
Is (-342)/12*6/9*-34 a multiple of 12?
False
Let q(g) = -g**2 - g + 69. Let u(a) = 2*a**2 - 2. Let z be u(1). Let h be q(z). Suppose -96 = -3*f + 5*y, -3*f - 4*y + h = -0*f. Is f a multiple of 27?
True
Let v be -60*3/(-6) - (2 - -1). Suppose -23*b - 464 = -v*b. Does 15 divide b?
False
Let g be 879 - (3 - 0/(-2)). Suppose 4*x + 5*m - g = 0, m = -5*x - 0*m + 1116. Does 16 divide x?
True
Let b = -271 + 349. Is b a multiple of 13?
True
Let k(m) = 3*m**2 - 24*m. Let x(p) = -p + 4. Let n be x(-6). Let j be k(n). Suppose -40 = -2*c + 4*i, 0*i - 5*i = -3*c + j. Is c a multiple of 20?
True
Let b = -15 + 32. Suppose 4*u - 23 = b. Is 5 a factor of u?
True
Let i(v) = -51*v - 72. Does 64 divide i(-16)?
False
Let g(s) be the first derivative of -9*s**2/2 + 6*s - 1. Suppose 0 = -3*l - 2*f - 7 - 22, 0 = -3*l + 4*f - 41. Is g(l) a multiple of 35?
True
Let q(j) = j**3 - 8*j**2 - 9*j + 7. Let k = 10 - 8. Suppose -4*o + 34 + k = 0. Is q(o) a multiple of 2?
False
Let g be 9/15*1*-5. Let q be (-2 - g) + 2 - 90. Is 29 a factor of q/(-1)*(-2)/(-3)?
True
Let q = 5952 + -4212. Is q a multiple of 6?
True
Let y be (-3)/27*2 + (-15360)/(-108). Let w = -40 + y. Is 15 a factor of w?
False
Suppose 0 = 116*j - 48*j - 9928. Is j even?
True
Suppose -5*v + 2*i - 4*i = -4167, 0 = 2*v - 4*i - 1662. Is 49 a factor of v?
True
Let r be 3/(0 - (-3)/15). Suppose r = 4*k - k. Suppose k*j - 5*z - 250 = 0, 6*z - 150 = -3*j + 2*z. Does 21 divide j?
False
Let v(u) = 3*u**2 - u + 4. Let m be v(-5). Does 7 divide m/(-12)*(1 + -2)?
True
Suppose -25 - 5 = -2*y. Suppose o - 2 = -n - 1, -n - y = -3*o. Suppose 60 = -w + o*w. Is w a multiple of 9?
False
Let m(k) = -k**3 + 7*k**2 - 2*k + 14. Let l be m(7). Suppose -4*u + 4*n = -244, -2*u - 3*u + 3*n + 297 = l. Is u a multiple of 19?
True
Is 7 a factor of ((-4)/(16/(-222)))/(3/4)?
False
Let w = -4 - 2. Let c(s) = -14*s - 27. Let q(j) = 5*j + 9. Let f(l) = -2*c(l) - 7*q(l). Does 12 divide f(w)?
False
Let o be 31 - (2 + -1 + -1). Let v = 34 - o. Suppose -5*i - 2*l = -i - 42, -14 = -v*i + 2*l. Does 8 divide i?
True
Let k = 6206 + -3896. Does 42 divide k?
True
Let b(q) = 2*q**2 - 3*q + 8. Let t = 19 - 15. Suppose t = -v + 2*v. Is 28 a factor of b(v)?
True
Let v(y) be the first derivative of 18*y**2 - 18*y + 18. Is v(4) a multiple of 21?
True
Does 10 divide (106/5)/(70/(-25) + 3)?
False
Let z(r) = -r**2 - 10*r + 29. Let m be z(-12). Suppose -3*w + 3*n = -93, 78 - 220 = -4*w - m*n. Is 33 a factor of w?
True
Suppose -7*m = -272 - 547. Let k = 243 - m. Is 9 a factor of k?
True
Let y(b) = 2*b**2 - 49*b - 629. Is 76 a factor of y(45)?
True
Is 11 a factor of 5 + 3 - (-38 + -481)?
False
Let i(u) be the third derivative of -29*u**6/120 - u**5/30 - u**4/12 + u**3/3 + 2*u**2. Is 46 a factor of i(-2)?
True
Suppose 12*h - 458 = -146. Is h a multiple of 15?
False
Suppose 2*k + 5460 = -3*y, -4*k - 10920 = 2*y + 3*y. Does 13 divide (k/(-150))/((-2)/(-10))?
True
Let f(q) = -q + 15. Let j(p) = -1. Let h(n) = -3*f(n) - 24*j(n). Let o be h(9). Suppose o + 68 = 3*b + 2*x, 48 = 2*b + x. Is b a multiple of 22?
True
Suppose o - 7 = -5*v, -5*o - 7 = 8. Suppose -v*s + 0*s = -4*n + 86, 29 = n + s. Let z = n + 64. Is z a multiple of 22?
True
Suppose -4*z + 20 = 4*j, 2*j - j = -2*z + 7. Let w(d) = d**3 + 2*d**2 - 2*d + 9. Let y be w(-4). Does 38 divide ((-190)/y)/(z/6)?
True
Let h = 1195 + -1129. Does 6 divide h?
True
Suppose 2*y - 3*y + 1 = -4*j, -y - 4*j = -9. Suppose -y*t - 15 + 40 = 0. Suppose 0*d = -t*d + 380. Is 19 a factor of d?
True
Suppose -9*a + 132 = -3*a. Suppose -25*d + 174 = -a*d. Does 17 divide d?
False
Let x(i) = 56*i + 2. Let q be x(1). Suppose 0 = -v - 3*t + q, -v - 4*v + 254 = 3*t. Is v a multiple of 7?
True
Suppose -2*i = -y + 101, 3*i + 306 = 4*y - 93. Is 7 a factor of y?
False
Let i be 24/16*(-44)/(-6). Let f be (-2)/i + (-294)/77. Is (-236)/(-10) + f/(-10) a multiple of 8?
True
Does 12 divide (1 - -2) + (-414)/(-4)*2?
False
Let o = 174 + -37. Suppose o + 127 = 4*j. Suppose -5*u + 88 = -4*p + 5*p, j = 3*u + 5*p. Is 4 a factor of u?
False
Let y(j) = 329*j**2 - 9*j - 8. Is y(-1) a multiple of 11?
True
Let x(i) = -i**2 - 14*i + 1. Let r be x(-10). Let v = 53 + -28. Let k = r - v. Is k a multiple of 3?
False
Let c(a) = 11*a**2 + 2*a. Let h be c(-4). Let z be (16/12)/(2/(74 + -2)). Suppose -z = 3*t - h. Is t a multiple of 20?
True
Let n be (-3)/(-1)*(-20)/(-15). Suppose 4*z - 109 = -8*w + 3*w, 0 = -5*z - 2*w + 132. Suppose l = z - n. Does 9 divide l?
False
Suppose 103 = -15*y + 688. Does 6 divide y?
False
Suppose -3*w + 19 = a - 21, -5*a + 5*w + 120 = 0. Let g = 58 - a. Is g a multiple of 18?
False
Suppose -9 = 5*a - 24. Is 26 a factor of (150 - a) + 3 + -1?
False
Let o = 1163 + -610. Does 18 divide o?
False
Let n = 47 - 41. Let j = 29 -